{"id":14,"date":"2022-10-12T13:03:18","date_gmt":"2022-10-12T11:03:18","guid":{"rendered":"https:\/\/lespetitspapiers.media\/site\/?page_id=14"},"modified":"2022-10-12T13:31:57","modified_gmt":"2022-10-12T11:31:57","slug":"qui-sommes-nous","status":"publish","type":"page","link":"https:\/\/lespetitspapiers.media\/site\/qui-sommes-nous\/","title":{"rendered":"Qui sommes-nous ?"},"content":{"rendered":"\n<p class=\"has-drop-cap\">Les Petits Papiers est une association Loi 1901 cr\u00e9\u00e9e en 2019 par un collectif de personnes impliqu\u00e9es dans des pratiques journalistiques, professionnelles ou amateures. Nous sommes situ\u00e9.es dans la m\u00e9tropole lilloise et intervenons principalement dans les Hauts-de-France. En proposant des ateliers, elle s\u2019inscrit dans une d\u00e9marche d\u2019\u00c9ducation au M\u00e9dias et \u00e0 l\u2019Information, en axant ses interventions sur la r\u00e9alisation collective, de journaux imprim\u00e9s ou en ligne, de podcasts ou encore de projets photographiques et vid\u00e9os.<\/p>\n\n\n\n<p>Les ateliers s\u2019attachent en premier lieu \u00e0 rendre accessible la pratique journalistique, sans pr\u00e9requis. Il s\u2019agit avant tout de surmonter le sentiment d\u2019ill\u00e9gitimit\u00e9 : \u00ab Je ne sais pas bien \u00e9crire \/ parler \/ filmer \u00bb et son corollaire : \u00ab je n\u2019ai rien \u00e0 dire \u00bb. La valorisation de ce que produisent les publics est une composante importante, c\u2019est pourquoi il para\u00eet essentiel d\u2019obtenir, \u00e0 l\u2019issue d\u2019un atelier, un r\u00e9sultat final qui soit palpable, sign\u00e9 par tous et de bonne qualit\u00e9.<\/p>\n\n\n\n<p>Dans le d\u00e9roulement, on s\u2019attache \u00e0 souligner le moindre choix qui est n\u00e9cessairement effectu\u00e9 dans tout processus de traitement de l\u2019information : le vocabulaire employ\u00e9, le temps consacr\u00e9 \u00e0 un \u00e9l\u00e9ment d\u2019information plut\u00f4t qu\u2019\u00e0 un autre, le choix de la personne \u00e0 interroger, etc. Ces questionnements sont ensuite transpos\u00e9s vers les informations que re\u00e7oit quotidiennement le grand public. Quelle est l\u2019opinion du journaliste par rapport au sujet qu\u2019il pr\u00e9sente, quels sont les signes qui la trahissent ?<\/p>\n\n\n\n<p>Cette d\u00e9marche de questionnement est une voie d\u2019acc\u00e8s vers une posture de recul critique vis-\u00e0-vis de l\u2019information. Non dans le rejet de toute prise de position, mais dans leur identification.<\/p>\n","protected":false},"excerpt":{"rendered":"<p>Les Petits Papiers est une association Loi 1901 cr\u00e9\u00e9e en 2019 par un collectif de personnes impliqu\u00e9es dans des pratiques journalistiques, professionnelles ou amateures. Nous sommes situ\u00e9.es dans la m\u00e9tropole lilloise et intervenons principalement dans les Hauts-de-France. En proposant des ateliers, elle s\u2019inscrit dans une d\u00e9marche d\u2019\u00c9ducation au M\u00e9dias et \u00e0 l\u2019Information, en axant ses [&hellip;]<\/p>\n","protected":false},"author":2,"featured_media":0,"parent":0,"menu_order":0,"comment_status":"closed","ping_status":"closed","template":"","meta":{"footnotes":""},"class_list":["post-14","page","type-page","status-publish","hentry"],"_links":{"self":[{"href":"https:\/\/lespetitspapiers.media\/site\/wp-json\/wp\/v2\/pages\/14","targetHints":{"allow":["GET"]}}],"collection":[{"href":"https:\/\/lespetitspapiers.media\/site\/wp-json\/wp\/v2\/pages"}],"about":[{"href":"https:\/\/lespetitspapiers.media\/site\/wp-json\/wp\/v2\/types\/page"}],"author":[{"embeddable":true,"href":"https:\/\/lespetitspapiers.media\/site\/wp-json\/wp\/v2\/users\/2"}],"replies":[{"embeddable":true,"href":"https:\/\/lespetitspapiers.media\/site\/wp-json\/wp\/v2\/comments?post=14"}],"version-history":[{"count":3,"href":"https:\/\/lespetitspapiers.media\/site\/wp-json\/wp\/v2\/pages\/14\/revisions"}],"predecessor-version":[{"id":43,"href":"https:\/\/lespetitspapiers.media\/site\/wp-json\/wp\/v2\/pages\/14\/revisions\/43"}],"wp:attachment":[{"href":"https:\/\/lespetitspapiers.media\/site\/wp-json\/wp\/v2\/media?parent=14"}],"curies":[{"name":"wp","href":"https:\/\/api.w.org\/{rel}","templated":true}]}}