{"id":20,"date":"2022-10-12T13:08:00","date_gmt":"2022-10-12T11:08:00","guid":{"rendered":"https:\/\/lespetitspapiers.media\/site\/?page_id=20"},"modified":"2022-10-12T13:31:46","modified_gmt":"2022-10-12T11:31:46","slug":"notre-demarche","status":"publish","type":"page","link":"https:\/\/lespetitspapiers.media\/site\/","title":{"rendered":"Notre d\u00e9marche"},"content":{"rendered":"\n<p class=\"has-text-align-center\"><strong>Avant-propos<\/strong><\/p>\n\n\n\n<p class=\"has-drop-cap\">La g\u00e9n\u00e9ralisation de l\u2019acc\u00e8s \u00e0 Internet a ouvert en grand les acc\u00e8s \u00e0 la culture, au savoir et \u00e0 l\u2019information sous forme num\u00e9rique. Le plus souvent d\u2019apparence gratuite, l\u2019information circule tr\u00e8s rapidement \u00e0 travers de multiples supports et r\u00e9seaux. Si la question de la fracture num\u00e9rique a \u00e9t\u00e9 trait\u00e9e depuis une quinzaine d\u2019ann\u00e9e, <strong>c\u2019est la question du contenu qui est aujourd\u2019hui au centre de l\u2019attention<\/strong> : il faut lutter contre les Fake News, les th\u00e9ories du complot, les rumeurs, nous dit-on.<\/p>\n\n\n\n<p>Les r\u00e9seaux sociaux sont directement mis en cause. En contrepoint, les m\u00e9dias dits traditionnels font \u00e9tat d\u2019une m\u00e9fiance, voire d\u2019un rejet : int\u00e9r\u00eats financiers, d\u00e9pendance \u00e0 l\u2019\u00e9gard de la publicit\u00e9, unicit\u00e9 des points de vue, manque de diversit\u00e9 sociale et ethnique sont notamment critiqu\u00e9s.<\/p>\n\n\n\n<p>Que ce soit sur internet ou dans ces m\u00e9dias traditionnels, la rapidit\u00e9 des flux, l\u2019absence de hi\u00e9rarchisation et de contextualisation de l\u2019information, \u00e0 laquelle peuvent s\u2019ajouter des int\u00e9r\u00eats non exprim\u00e9s (communication, marketing, financiers, partisans, etc.) brouillent les pistes et rendent difficile l\u2019identification de ce qui circule sous nos yeux, entre nos mains. &nbsp;<\/p>\n\n\n\n<p>C\u2019est pourquoi il nous para\u00eet n\u00e9cessaire de <strong>revenir aux fondamentaux<\/strong> : d\u2019abord s\u2019int\u00e9resser au manque de connaissances \u00e0 l\u2019\u00e9gard de ce qu\u2019est l\u2019information, d\u2019o\u00f9 elle provient, qui la diffuse, comment et pourquoi. Il s\u2019agit de <strong>fournir des outils d\u2019analyse et de critiques<\/strong> qui permettront \u00e0 chacun de distinguer ce qui rel\u00e8ve de l\u2019information v\u00e9rifi\u00e9e, sourc\u00e9e, mesur\u00e9e, et ce qui appartient aux domaines de la communication, de la vente ou du divertissement. Faire de l\u2019\u00e9ducation aux m\u00e9dias, c\u2019est <strong>offrir des cl\u00e9s de questionnement et d\u2019analyse de ce que nous recevons quotidiennement<\/strong> :&nbsp;d\u00e9coder l\u2019information, analyser les contenus, leur provenance, leurs sources, leurs intentions, cerner leurs limites. &nbsp;<\/p>\n\n\n\n<p>En plus de former \u00e0 une mise \u00e0 distance critique des outils num\u00e9riques et informationnels via l\u2019analyse des pratiques, l\u2019un de moyens privil\u00e9gi\u00e9s d\u2019intervention est <strong>d\u2019inviter le public \u00e0 cr\u00e9er son propre m\u00e9dia<\/strong>. Tout d\u2019abord pour montrer que la prise de parole publique est un exercice accessible \u00e0 toutes et tous. Un exercice l\u00e9gitime qui implique un travail, une mesure, une reflexion sur chaque mot, chaque image, chaque son qui sera publi\u00e9 et son poids.<\/p>\n\n\n\n<p>La d\u00e9mocratisation de l\u2019acc\u00e8s \u00e0 une parole publique \u00e0 forte diffusion (via le num\u00e9rique) implique de prendre la mesure de la responsabilit\u00e9 qu\u2019elle implique et de ses impacts potentiels, ainsi que <strong>la n\u00e9cessit\u00e9 d\u2019une construction \u00e9tay\u00e9e, organis\u00e9e et rationnelle des opinions exprim\u00e9es.&nbsp;<\/strong><\/p>\n\n\n\n<p>En favorisant cette approche active et cr\u00e9atrice, en particulier aupr\u00e8s de jeunes ayant peu acc\u00e8s \u00e0 la parole publique, il s\u2019agit \u00e9galement <strong>de redonner de la valeur \u00e0 cette parole, de lui laisser prendre sa place au sein de la vie d\u00e9mocratique.<\/strong><\/p>\n\n\n\n<p class=\"has-text-align-center\"><strong>Enjeux<\/strong><\/p>\n\n\n\n<p>Nous souhaitons faire des publics aupr\u00e8s desquels nous intervenons des acteurs de la circulation des savoirs li\u00e9s aux m\u00e9dias. L\u2019objectif est d\u2019apprendre \u00e0 <strong>questionner les m\u00e9dias<\/strong>, \u00e0 nourrir des r\u00e9flexions collectives, mais aussi \u00e0 apporter des grilles d\u2019analyse, pour faire des m\u00e9dias une question essentielle et non annexe. Notre ambition est aussi de <strong>renforcer la connaissance du syst\u00e8me d\u00e9mocratique, du r\u00f4le et du fonctionnement des m\u00e9dias au sein de celui-ci.<\/strong><\/p>\n\n\n\n<p>Il s\u2019agit de donner des cl\u00e9s de compr\u00e9hension et d\u2019analyse pour <strong>appr\u00e9hender le fonctionnement du syst\u00e8me m\u00e9diatique et pour comprendre le monde qui nous entoure<\/strong> (comment analyser un article de presse, une image, une vid\u00e9o\u2026). Mais aussi de proposer des moyens d\u2019agir en se constituant en m\u00e9dia, en participant \u00e0 une circulation ma\u00eetris\u00e9e de l\u2019information et des opinions. C\u2019est un moyen d\u2019exercer sa citoyennet\u00e9 et de lutter contre les in\u00e9galit\u00e9s sociales, spatiales ou de sant\u00e9 (handicap par exemple) par le prisme de l\u2019\u00e9ducation, de l\u2019apprentissage, de la cr\u00e9ation et de la circulation des savoirs.<\/p>\n\n\n\n<p>C\u2019est une fa\u00e7on aussi de d\u00e9velopper la mixit\u00e9 sociale en provoquant des rencontres interg\u00e9n\u00e9rationnelles, d\u2019individus d\u2019horizons diff\u00e9rents, et ainsi, <strong>de favoriser une co-construction qui refl\u00e8te la richesse des \u00e9changes effectu\u00e9s.<\/strong><\/p>\n","protected":false},"excerpt":{"rendered":"<p>Avant-propos La g\u00e9n\u00e9ralisation de l\u2019acc\u00e8s \u00e0 Internet a ouvert en grand les acc\u00e8s \u00e0 la culture, au savoir et \u00e0 l\u2019information sous forme num\u00e9rique. Le plus souvent d\u2019apparence gratuite, l\u2019information circule tr\u00e8s rapidement \u00e0 travers de multiples supports et r\u00e9seaux. Si la question de la fracture num\u00e9rique a \u00e9t\u00e9 trait\u00e9e depuis une quinzaine d\u2019ann\u00e9e, c\u2019est [&hellip;]<\/p>\n","protected":false},"author":2,"featured_media":0,"parent":0,"menu_order":0,"comment_status":"closed","ping_status":"closed","template":"","meta":{"footnotes":""},"class_list":["post-20","page","type-page","status-publish","hentry"],"_links":{"self":[{"href":"https:\/\/lespetitspapiers.media\/site\/wp-json\/wp\/v2\/pages\/20","targetHints":{"allow":["GET"]}}],"collection":[{"href":"https:\/\/lespetitspapiers.media\/site\/wp-json\/wp\/v2\/pages"}],"about":[{"href":"https:\/\/lespetitspapiers.media\/site\/wp-json\/wp\/v2\/types\/page"}],"author":[{"embeddable":true,"href":"https:\/\/lespetitspapiers.media\/site\/wp-json\/wp\/v2\/users\/2"}],"replies":[{"embeddable":true,"href":"https:\/\/lespetitspapiers.media\/site\/wp-json\/wp\/v2\/comments?post=20"}],"version-history":[{"count":2,"href":"https:\/\/lespetitspapiers.media\/site\/wp-json\/wp\/v2\/pages\/20\/revisions"}],"predecessor-version":[{"id":42,"href":"https:\/\/lespetitspapiers.media\/site\/wp-json\/wp\/v2\/pages\/20\/revisions\/42"}],"wp:attachment":[{"href":"https:\/\/lespetitspapiers.media\/site\/wp-json\/wp\/v2\/media?parent=20"}],"curies":[{"name":"wp","href":"https:\/\/api.w.org\/{rel}","templated":true}]}}